 and l?
11
Let i = -11 + 19. Let u(g) = 2*g - 11. Let y be u(i). Suppose -195 = -y*b - 3*s, 4*b = -s + 158 + 5. What is the highest common divisor of b and 14?
14
Suppose 605 = 6*z + 185. Calculate the highest common divisor of z and 10.
10
Suppose 90 = 5*z - 3*a, a - 94 = -4*z - a. Calculate the highest common factor of 3 and z.
3
Let f = -6 - -50. Let x(g) = -g**2. Let m be x(0). Suppose 2*d + 3*d - 20 = m. Calculate the highest common divisor of d and f.
4
Suppose z = 4 - 1. Suppose z*v + 4*x = 22, 2*v - 4 = 5*x + 3. Calculate the greatest common factor of v and 12.
6
Let c = -19 - -28. Calculate the highest common factor of c and 1.
1
Let a = 11 - -4. What is the highest common divisor of 105 and a?
15
Suppose 5*w + u = -5, 2*w + 2 = u + 4*u. Let x = w - -19. Suppose -d + 4*z = -3*d + 32, -56 = -3*d + 2*z. Calculate the greatest common divisor of d and x.
18
Suppose 6 - 70 = -i. Let v = i - -14. What is the highest common divisor of v and 52?
26
Let l be 0 - (-5 - 2/(-2)). Let w = 6 - l. Suppose 0 = -0*n + w*n - 48. What is the greatest common factor of 48 and n?
24
Suppose -u = 3*u - 60. What is the highest common factor of 75 and u?
15
Suppose 0*n - 33 = -n. Let y(v) = -4*v - 21. Let l be y(-6). What is the highest common factor of n and l?
3
Let d be 1 - (1 + (-2)/2). Let i be (-16)/4*d/2. Let z be (-30)/i + (2 - 1). What is the highest common divisor of z and 4?
4
Let x be 62 + (0 - 3/(-1)). Suppose -5*v = -x - 185. Let o = -26 + 36. What is the greatest common divisor of o and v?
10
Let x be 204/9 - (-2)/(-3). Let s = x + 6. What is the greatest common divisor of s and 7?
7
Let d(o) = -o + 2. Let j be d(-9). Let p be 40/(-2)*2/(-4). Suppose -45 = -5*z + p. What is the highest common factor of z and j?
11
Let o = 26 - 16. Suppose 0*y - y = -2. What is the greatest common divisor of y and o?
2
Let l = 34 - 12. Suppose -2*z - 5*s = -2*s - 107, -3*z = 4*s - 161. What is the highest common divisor of z and l?
11
Let v(s) = 2*s**2 - 6*s + 4. Let w(r) = 2*r**2 - 7*r + 3. Let p(i) = 3*v(i) - 2*w(i). Let y be p(5). What is the greatest common factor of 4 and y?
4
Let l(p) = 11*p**3 + p. Let m be l(1). Let n = -31 - -44. Suppose -u + n = -23. Calculate the greatest common factor of u and m.
12
Suppose -3*g - 432 = -7*g. Let d be (g/15)/((-4)/(-70)). Let l(f) = 14*f**2. Let q be l(1). Calculate the greatest common factor of d and q.
14
Suppose -2*x + f + 0 = -7, -4*x = -5*f - 5. Let s(j) = 12*j**3 + 1. Let g be s(-1). Let z = 4 - g. Calculate the highest common divisor of x and z.
5
Suppose 3*y - k = -3*k + 24, 5*y - k - 53 = 0. Suppose 7*z + 9*z - 320 = 0. Calculate the highest common divisor of z and y.
10
Let j be (-4)/(-3) + (-3)/9. What is the highest common divisor of 2 and j?
1
Let f be 15*4 - (-1 - -5). What is the highest common factor of 8 and f?
8
Suppose -w + 8 = 2. Suppose 93 - 117 = -4*o. Calculate the greatest common factor of o and w.
6
Let j(m) = m**3 + m**2. Let k be j(1). Let c be (-3 + k - -12) + -1. Let n be (3*2)/(2/5). What is the greatest common factor of n and c?
5
Let x(y) = -35*y - 34. Let l be x(-6). Calculate the greatest common divisor of l and 11.
11
Let o(p) = p**2 - 2*p + 1. Let y be o(5). Suppose y*s - 4 = 15*s. What is the highest common factor of 1 and s?
1
Let i = 19 + -8. What is the highest common divisor of i and 88?
11
Let t = 1 + 1. Let j(m) = -3*m + 2. Let w(r) = -16*r + 11. Let g(z) = 33*j(z) - 6*w(z). Let s be g(-2). Calculate the highest common factor of t and s.
2
Suppose 4*u - 8 = 32. Let t(g) = -4*g + 10. Let f be t(-5). What is the greatest common factor of f and u?
10
Let h(s) = s**3 + 49*s**2 - 156*s + 12. Let g be h(-52). Let n(i) = i**2 - 4*i. Let w be n(6). Calculate the greatest common divisor of g and w.
12
Let w(r) = 7*r - 2. Let o be w(1). Suppose -4*u = -u - 4*d - 22, 4*u - o*d = 31. Calculate the highest common factor of 126 and u.
14
Suppose -k = 3*k + 4*w + 56, -58 = 5*k + w. Let b = -3 - k. What is the highest common factor of 12 and b?
4
Let u(s) = -2*s**2 - 2. Let m be u(3). Let t = -6 - m. What is the greatest common factor of t and 14?
14
Suppose 0 = 4*a - 3*q - 93, 2*a = -q + 36 + 3. Suppose -d = -2*i + 4*i - 16, -40 = -3*d + 2*i. Calculate the highest common divisor of a and d.
7
Let l be (4/(-5))/(12/(-30)). Let j be ((-6)/(-4))/(l/(-20)). Let a = 132 + j. What is the highest common divisor of 13 and a?
13
Let h(k) = k**2 - 6*k - 19. Let m be h(9). Let i(r) = r + 2. Let l be i(6). What is the greatest common factor of m and l?
8
Suppose -2*i = -4*c - 6, 2*i + 2*i + 6 = 2*c. Let h be i - (-99)/3*1. Calculate the greatest common factor of 6 and h.
6
Suppose 0*q = -5*q + 10. Suppose 36 = q*p + 2*n, 0 = p + p + 4*n - 40. Calculate the highest common factor of p and 24.
8
Suppose 0*v = -6*v + 96. What is the highest common divisor of 40 and v?
8
Let c(f) = -3*f + 3. Let i be c(-13). What is the greatest common divisor of i and 378?
42
Let p(n) = n**3 + n**2 + 5*n + 3. Let m be p(-3). Let w = -45 - m. Let g be ((-18)/15)/(6/w). Calculate the highest common divisor of 6 and g.
3
Suppose 3*i + 2*n - 208 = 358, 5*i = 4*n + 958. Let j = 267 - i. What is the highest common divisor of j and 7?
7
Let o be ((-3)/9)/(2/(-84)). Calculate the greatest common divisor of o and 98.
14
Suppose -3*y + 2*j = -12, 2*j + 8 = -3*y + 5*y. Suppose s = y*s - 36. What is the highest common divisor of 30 and s?
6
Let l(t) = -5*t. Let r be l(-6). Suppose -b = -0*b. Let y be 0/5 - (b - r). What is the greatest common divisor of 10 and y?
10
Let q(p) = -p**3 - p**2 + 2. Let u be q(0). Suppose d - u = -d, 0 = 2*y - 3*d - 417. Suppose -2*t + y = t. Calculate the greatest common divisor of 10 and t.
10
Let h(b) = -40*b - 11. Let s be h(-5). Calculate the greatest common factor of s and 126.
63
Let l(v) = 3*v + 18. Let o be l(-2). What is the highest common factor of o and 168?
12
Suppose -36*p = -35*p - 27. Calculate the highest common factor of 9 and p.
9
Let x = 24 - -6. Suppose -4*m + 0*m + 88 = 0. Suppose -1 = 2*o + 3*p - m, 40 = 3*o - 4*p. Calculate the greatest common divisor of o and x.
6
Let b(p) = -p**2 + 6*p - 2. Let y be b(5). Let o = y + 6. What is the highest common factor of 36 and o?
9
Let z be 1/3 + (-8)/(-3). Suppose -16 = -4*m, z*q - 4*m - 1 = -2. Let f be 5/2*12/15. Calculate the greatest common divisor of f and q.
1
Let i = 41 + -31. Calculate the highest common factor of 60 and i.
10
Let m be ((-30)/(-4))/((-3)/(-4)). What is the greatest common divisor of m and 80?
10
Let w(z) = 3*z**2 + 3*z. Let g be w(4). What is the highest common divisor of g and 15?
15
Suppose -2*o = v + 123, 0 = 7*o - 3*o - 3*v + 221. Let f = -34 - o. Calculate the highest common divisor of f and 5.
5
Suppose f + 8 = 5*f. Let k be 2*(1 - (-55)/f). Let r = k + -27. What is the greatest common divisor of r and 10?
10
Let c = 10 + -1. Calculate the greatest common factor of c and 18.
9
Suppose -3*u + 3*i + 99 = 0, i + 0 = 2. Let k = 46 + -39. Calculate the greatest common divisor of k and u.
7
Suppose -4 = -2*c + v, 0 = -c + v - 0 + 1. Suppose -p - 3 = 0, 50 + 4 = 3*q + 3*p. What is the highest common divisor of q and c?
3
Let o(z) = -z - 4. Let d be o(-7). Suppose 5*c + d - 2 = -4*l, 3*l = -4*c. What is the greatest common divisor of c and 15?
3
Suppose 4*p = -2*a + 4*a + 22, -4*a = 12. Let f be (1 - 2)*1*0. Suppose -p*i + 2*i + 144 = f. Calculate the highest common divisor of i and 9.
9
Let h(f) = -f**3 + 7*f**2 + 2*f - 5. Let o be h(7). Suppose -o*m - 30 = -14*m. Calculate the highest common divisor of 15 and m.
3
Suppose -4*a = a + 2*m - 457, 4*m - 277 = -3*a. Let s = -48 + a. Let c be s + (2 - (-1 - -1)). Calculate the greatest common factor of 15 and c.
15
Let w = 2 + -2. Suppose -b + w*o - 3*o + 8 = 0, 76 = 3*b - 4*o. Suppose 0 = 2*j - 4*j + 8. What is the greatest common factor of b and j?
4
Let y(g) = g**2 + g - 18. Let z be y(4). Calculate the greatest common factor of z and 2.
2
Suppose -10*k = -8*k - 16. Calculate the greatest common factor of k and 8.
8
Let f(c) = -6*c + 4. Let x be f(-3). Suppose 2*k - k + 4*h = x, h - 34 = -5*k. Let g be (-14 - -2)/(4/(-22)). What is the greatest common divisor of g and k?
6
Let b = 11 + -3. Let h(i) = i**3 - 3*i**2 + 7*i - 4. Let k be h(4). Calculate the highest comm